e 3.
21112
What is 12d7 (base 15) in base 2?
111110111011
What is 3241 (base 5) in base 3?
121112
Convert -32542 (base 6) to base 4.
-1012232
Convert 1011200221 (base 3) to base 11.
163aa
-29b (base 16) to base 11
-557
-424 (base 5) to base 9
-136
What is 821 (base 15) in base 12?
1087
Convert a99 (base 12) to base 5.
22212
What is 5e8 (base 16) in base 12?
a60
248 (base 15) to base 13
30b
Convert 2255 (base 7) to base 14.
42c
What is 2b63 (base 13) in base 8?
14276
What is -21726 (base 10) in base 12?
-106a6
What is 4778 (base 10) in base 5?
123103
Convert -111101101011 (base 2) to base 16.
-f6b
What is -10434 (base 6) in base 16?
-5b6
7286 (base 9) to base 16
14df
Convert -7ba (base 12) to base 6.
-5154
What is 23345 (base 6) in base 9?
4562
What is -3576 (base 14) in base 3?
-110210001
Convert -1001111000 (base 2) to base 4.
-21320
-222a2 (base 12) to base 8
-130432
Convert 34526 (base 7) to base 5.
240330
-110011101101 (base 2) to base 6
-23153
What is -341 (base 7) in base 5?
-1201
What is c71 (base 16) in base 14?
1237
Convert -d64 (base 16) to base 9.
-4628
2d5 (base 14) to base 10
579
What is 12202 (base 4) in base 13?
262
362454 (base 7) to base 13
23c07
What is -1024342 (base 5) in base 11?
-12144
10402 (base 6) to base 7
4130
100000101110001 (base 2) to base 15
4e6d
1101011 (base 2) to base 13
83
Convert -922 (base 12) to base 5.
-20242
Convert -455 (base 6) to base 7.
-344
-330 (base 4) to base 12
-50
415 (base 6) to base 8
233
6105 (base 8) to base 12
1999
Convert 12220021 (base 3) to base 11.
325a
What is 9943 (base 11) in base 7?
53144
What is 2145 (base 6) in base 11?
412
Convert -1001110111 (base 2) to base 5.
-10011
42520 (base 6) to base 4
1122300
What is -c8a (base 13) in base 8?
-4136
What is -113111 (base 5) in base 13?
-1b79
-ad6 (base 14) to base 8
-4144
16233 (base 8) to base 9
11036
-103030 (base 4) to base 6
-5404
What is -4037 (base 9) in base 7?
-11413
110000101101 (base 2) to base 9
4243
636 (base 14) to base 16
4c8
What is -4163 (base 16) in base 9?
-24858
Convert 7a93 (base 11) to base 6.
121113
7022 (base 15) to base 11
16857
Convert -140344 (base 7) to base 9.
-40424
Convert -73ab (base 14) to base 15.
-5d9c
What is 14521 (base 7) in base 6?
30401
Convert 750 (base 11) to base 13.
545
Convert 13101 (base 6) to base 5.
30411
Convert -9c92 (base 13) to base 9.
-33055
20bb4 (base 12) to base 4
22202320
Convert 1012122 (base 3) to base 16.
371
Convert 2bb3 (base 12) to base 13.
2481
12202 (base 4) to base 8
642
Convert -5604 (base 10) to base 6.
-41540
What is -1373 (base 13) in base 7?
-11105
Convert 232140 (base 5) to base 6.
102552
-202330 (base 4) to base 14
-b5a
What is 4230 (base 6) in base 13?
585
-12220 (base 5) to base 4
-32213
What is -24358 (base 10) in base 8?
-57446
What is 31 (base 8) in base 13?
1c
-5d5a (base 16) to base 10
-23898
-10230 (base 4) to base 3
-102010
What is 21344 (base 5) in base 2?
10111000010
-56254 (base 8) to base 12
-11890
24e9 (base 16) to base 15
2bee
What is -11132 (base 4) in base 10?
-350
Convert -18a9 (base 11) to base 3.
-10022120
Convert 225 (base 15) to base 6.
2125
Convert -4848 (base 14) to base 6.
-134212
Convert 201 (base 16) to base 9.
630
Convert 223 (base 14) to base 15.
1d3
-711 (base 10) to base 5
-10321
What is -204 (base 15) in base 6?
-2034
-1529 (base 12) to base 3
-10101220
What is -102210 (base 3) in base 11?
-26a
-7d3 (base 15) to base 14
-909
What is -11100110001100 (base 2) in base 12?
-8638
Convert -153 (base 8) to base 9.
-128
Convert 20277 (base 8) to base 13.
3a7b
What is bb84 (base 13) in base 8?
63026
3d9c (base 16) to base 11
10939
808 (base 12) to base 16
488
322 (base 14) to base 6
2510
What is -129 (base 13) in base 15?
-d9
What is -dc8 (base 16) in base 9?
-4750
What is 5031 (base 8) in base 9?
3482
10243 (base 5) to base 4
22322
Convert 1353 (base 8) to base 3.
1000200
-70 (base 9) to base 5
-223
Convert -77 (base 9) to base 7.
-130
Convert 23232 (base 4) to base 10.
750
Convert -8644 (base 16) to base 12.
-17a84
Convert 110 (base 9) to base 8.
132
Convert 25244 (base 6) to base 9.
5151
What is 52 (base 7) in base 11?
34
-3d9 (base 16) to base 9
-1314
Convert 22132 (base 4) to base 9.
824
10167 (base 8) to base 12
2533
Convert 2343 (base 15) to base 3.
101021100
What is -203 (base 12) in base 13?
-195
What is -2203a (base 11) in base 2?
-111110011110011
Convert 13432 (base 5) to base 13.
67c
Convert 3150 (base 7) to base 14.
597
What is -2220210 (base 3) in base 7?
-6126
What is 50356 (base 8) in base 13?
9579
-16a (base 14) to base 8
-442
What is 45545 (base 7) in base 13?
5381
Convert a8 (base 13) to base 4.
2022
What is -83a (base 13) in base 15?
-636
Convert -22100100 (base 3) to base 6.
-44100
-11011001111100 (base 2) to base 6
-144324
110100001001010 (base 2) to base 14
9a30
What is 22d (base 16) in base 9?
678
-28246 (base 11) to base 15
-bdb7
Convert -2e01 (base 15) to base 2.
-10011010101101
1001110 (base 2) to base 4
1032
What is 113181 (base 9) in base 14?
1aa99
What is -b7 (base 15) in base 8?
-254
What is -5001 (base 6) in base 13?
-652
Convert 975 (base 12) to base 6.
10225
12114 (base 13) to base 9
50413
Convert 261 (base 7) to base 9.
166
-1020235 (base 6) to base 5
-3034333
What is 123122 (base 4) in base 2?
11011011010
What is -188c (base 13) in base 8?
-7121
Convert -713 (base 11) to base 9.
-1156
-30563 (base 7) to base 2
-1110101000101
Convert 116d (base 15) to base 12.
2187
-118 (base 13) to base 16
-be
Convert -221312 (base 4) to base 2.
-101001110110
Convert -1bb52 (base 12) to base 5.
-2311030
What is c26 (base 13) in base 3?
2211022
Convert 11226 (base 8) to base 3.
20112020
Convert 4196 (base 13) to base 2.
10001101111000
-163 (base 16) to base 3
-111011
Convert -97 (base 12) to base 3.
-11021
Convert a2e (base 16) to base 6.
20022
-4a81 (base 13) to base 8
-24527
30709 (base 11) to base 9
67374
What is -5e3 (base 16) in base 5?
-22012
What is 7c8c (base 15) in base 12?
13389
3012 (base 5) to base 2
101111110
Convert -151565 (base 7) to base 8.
-71407
12076 (base 11) to base 2
100001111101010
Convert 11032012 (base 4) to base 11.
15079
What is -4990 (base 16) in base 12?
-aa94
Convert 2642 (base 7) to base 5.
13020
What is -21126 (base 7) in base 13?
-24b1
12014 (base 6) to base 5
23423
What is 543 (base 8) in base 6?
1351
10110100 (base 2) to base 13
10b
What is 22121 (base 4) in base 11?
555
What is 20506 (base 9) in base 14?
4d09
What is 3003 (base 7) in base 5?
13112
Convert -44433 (base 7) to base 2.
-10101110111100
Convert -105a (base 11) to base 8.
-2564
263 (base 14) to base 5
3404
What is -63627 (base 10) in base 12?
-309a3
What is 1100001101011011 (base 2) in base 3?
2112121021
13344 (base 5) to base 14
587
What is ac7 (base 14) in base 2?
100001010111
Convert 606 (base 11) to base 16.
2dc
Convert 1c3 (base 16) to base 7.
1213
-274 (base 10) to base 4
-10102
What is -322021 (base 4) in base 13?
-1903
Convert -20514 (base 7) to base 5.
-130213
-224 (base 8) to base 5
-1043
Convert 11691 (base 11) to base 12.
987a
What is -42521 (base 7) in base 9?
-15422
Convert -7708 (base 9) to base 4.
-1120232
-502e (base 16) to base 9
-31136
Convert -1005 (base 7) to base 14.
-1ac
Convert -1b92 (base 12) to base 9.
-4622
What is 1302 (base 6) in base 9?
402
-11031 (base 4) to base 13
-1c8
3cb (base 13) to base 5
10144
-14f4 (base 16) to base 7
-21432
What is -47b (base 14) in base 12?
-625
Convert -1da0 (base 16) to base 8.
-16640
Convert -9e3 (base 15) to base 10.
-2238
What is -1010121100 (base 3) in base 14?
-81b9
What is 2303120 (base 5) in base 8?
120113
What is -524 (base 8) in base 16?
-154
2c7e (base 16) to base 5
331030
Convert -73010 (base 9) to base 2.
-1011101111111011
Convert 2222211 (base 3) to base 7.
6235
-4c9 (base 14) to base 8
-1701
Convert -14546 (base 10) to base 15.
-449b
Convert 5ac (base 14) to base 7.
3205
What is 32403 (base 5) in base 12?
1358
562 (base 10) to base 11
471
What is 4466 (base 8) in base 10?
2358
422 (base 6) to base 8
236
What is -93947 (base 10) in base 5?
-11001242
Convert -14615 (base 7) to base 5.
-112304
What is -4082 (base 9) in base 16?
-bae
What is 1260 (base 10) in base 9?
1650
-12201002 (base 3) to base 16
-1040
6bc1 (base 13) to base 6
154210
-30313302 (base 4)